 u be (-6)/(-10) - (-37)/5. Let f be (-2)/u + (-108)/16. Let d(c) = -6*c - 2. Calculate the remainder when d(f) is divided by 14.
12
Suppose -6 = 2*c - 20. Calculate the remainder when c is divided by 5.
2
What is the remainder when (-762)/2*((-4)/6 + 0) is divided by 15?
14
Let g(q) = -q**3 + q**2 + q + 2. Let t be g(0). Suppose -t*d - 10 = -52. What is the remainder when d is divided by 11?
10
Let j(o) = o**2 - o - 1. What is the remainder when j(4) is divided by 3?
2
Let i(s) = -s**3 + 7*s**2 + 10*s - 12. Suppose 0 = 2*z - 16. Let u(r) = -r**3 - r**2 + 10. Calculate the remainder when u(0) is divided by i(z).
2
Suppose -3*w - 8 = -5*r, 0*w = -2*r + 3*w - 4. Let j = -112 - -119. Calculate the remainder when j is divided by r.
3
Suppose -4*z = -3*z - 7. Suppose 5*u + 38 = 98. Calculate the remainder when u is divided by z.
5
Let y = -5 + 8. Calculate the remainder when (2 + -66)/(y/(-3)) is divided by 22.
20
Suppose 13 = l + 2*s, 4*l + 3*s - 87 = 2*s. Suppose 0 = 4*n + 5 + 3. Let h(z) = 3*z**2 + 3*z + 2. Calculate the remainder when l is divided by h(n).
7
Let v(r) = -3*r**2 + 2*r + 16. Calculate the remainder when v(0) is divided by 6.
4
Let q(y) = y**3 + 25*y**2 + y + 28. What is the remainder when 18 is divided by q(-25)?
0
Let u be 46/11 + 10/(-55). Suppose 6 = 5*l + 1. Let y = l + u. Calculate the remainder when 17 is divided by y.
2
Let m = -18 + 21. What is the remainder when 11 is divided by m?
2
Let b = 180 + -141. What is the remainder when b is divided by 12?
3
Suppose 2*u = -u - 6, 5*u - 30 = -5*b. Suppose -f = f. Let k(w) = -w + 23. Calculate the remainder when k(f) is divided by b.
7
Let j(z) = -z + 6. Let q(k) = k - 2. What is the remainder when j(0) is divided by q(6)?
2
Let s = 14 + -7. Let h(a) = -a**2 + 8*a + 1. Calculate the remainder when 23 is divided by h(s).
7
Calculate the remainder when ((-98)/(-3))/(((-6)/(-3))/6) is divided by 20.
18
Let z(y) = y**2 + 45. Let a be z(0). Suppose -5*o = -0*o - a. What is the remainder when 26 is divided by o?
8
Suppose 6*z + 71 - 263 = 0. What is the remainder when z is divided by 2?
0
Let j(r) = r**3 - 14*r**2 + 15*r - 17. Suppose 28 = 5*s - 37. What is the remainder when 26 is divided by j(s)?
8
Suppose -4*m + 44 = 3*z, z + m - 12 = -m. Calculate the remainder when (-3)/(-3)*1*59 is divided by z.
19
Let b(c) = -c**3 - 3*c**2 + 2*c - 4. Let y be b(-3). Let w(o) = o**2 + 18*o - 15. Calculate the remainder when 2/2 + y/(-1) is divided by w(-19).
3
Suppose 0 = a - 3*q - 81, -2*a - 4*q = -a - 81. Suppose n + a = 4*n. What is the remainder when n is divided by 14?
13
Suppose 3*t = -0*t + 42. Calculate the remainder when 23 is divided by t.
9
Let b(i) = 8*i + 5. Calculate the remainder when 115 is divided by b(3).
28
Let k = 19 + 73. What is the remainder when k is divided by 47?
45
Let i(m) = -93*m. Calculate the remainder when i(-1) is divided by 32.
29
Suppose -1 + 7 = -3*a. Calculate the remainder when 3 is divided by 5 + -2 + 2/a.
1
Let o = 15 - 3. What is the remainder when 23 is divided by o?
11
Suppose 3*k - 78 = -0*k. Calculate the remainder when k is divided by 15.
11
Suppose 102 = -18*b + 372. Suppose 0 = x - 2*x. Suppose 5*s - 2*h - 225 = x, -5*s + 18 + 182 = 3*h. Calculate the remainder when s is divided by b.
13
Let f(r) = r**3 - 11*r**2 - r + 14. Let v be f(11). Suppose -t - 36 = -j, -j - v*j + 184 = 4*t. What is the remainder when j is divided by 14?
13
Let a = 22 - -5. Suppose 3*z + 45 = 6*z. What is the remainder when a is divided by z?
12
Let s be (-1)/(1 - (-15)/(-12)). Let w = -34 + 51. Suppose 0 = -s*v + 2*v + k + 27, v + 3*k = w. What is the remainder when v is divided by 5?
4
Suppose 2*f + 0*f + 162 = 3*z, -f - 211 = -4*z. Let t(m) = -26*m + 1. Calculate the remainder when z is divided by t(-1).
25
Let k(p) = 2 + 5*p + 1 - 4*p - 2. Calculate the remainder when 22 is divided by k(7).
6
Suppose 0 = 2*q + 10 - 26. Calculate the remainder when 16 is divided by 1*(-1 + -1 + q).
4
Let a = -31 - -77. Let q = a - 30. Suppose -o = 4*d - q, 0 = o + d + d - 14. What is the remainder when o is divided by 5?
2
Let m = -23 + 38. What is the remainder when 27 is divided by m?
12
Let t(u) = 8*u - 2. What is the remainder when 62 is divided by t(3)?
18
Suppose -2*o - 5*p = 4, 3*o - 12 = p + 16. Calculate the remainder when 31 is divided by o.
7
Let m be 944/28 + (-4)/(-14). Suppose -2*f + 5*c + 67 = 0, -f + 2*c = -c - m. What is the remainder when f is divided by 11?
9
Suppose 2*d = -2*y + 140, 0 = -2*d - 3*y + 76 + 63. Suppose 4*o - 73 = -w, -2*o = w - 0*w - 37. What is the remainder when d is divided by o?
17
Let w(d) be the third derivative of -3*d**4/8 - 4*d**2. Calculate the remainder when 16 is divided by w(-1).
7
Let h(g) = g**2 - 5*g - 14. What is the remainder when h(-6) is divided by 14?
10
Let o(p) = -p**2 - 16*p + 6. Let f = -19 + 7. Calculate the remainder when o(f) is divided by 19.
16
Let w = -3 - -3. Suppose d = -k - 4*k - 25, -d + 5 = w. Let j = -4 - k. Calculate the remainder when 4 is divided by j.
0
Let x(d) = -d**3 - 7*d**2 + 2. Let p be x(-7). Suppose -4*g + p = -2*g. Let a = 0 + g. What is the remainder when a is divided by 1?
0
Let g = 15 - 4. Calculate the remainder when 20 is divided by g.
9
Let f = -121 - -173. What is the remainder when 102 is divided by f?
50
Let a(y) = -9*y - 44. Calculate the remainder when a(-9) is divided by 21.
16
Suppose 10 - 160 = -5*f. Calculate the remainder when 57 is divided by f.
27
Suppose 3*w - 3 = -2*k + 57, 5*k = 15. What is the remainder when 65 is divided by w?
11
Let b(c) = c - 11. Let a be b(13). Suppose -3*i = -1 - a. Suppose -5*r - 6 = 4*n, r + 4 = -r. Calculate the remainder when n is divided by i.
0
Calculate the remainder when 17 is divided by (4/(-6))/1*(-30)/4.
2
Suppose 6 = 4*i - 2*i. Let h(p) = -3*p. Let q be h(-1). Suppose 4*v - 16 = -3*d, -v - d = -6 + q. What is the remainder when v is divided by i?
1
Let t(q) = q - 2. Calculate the remainder when 2 is divided by t(3).
0
Let b = 30 + -18. What is the remainder when 22 is divided by b?
10
Let v = 332 - 192. Suppose -4*b + 8 = -v. Suppose -52 = -3*m - m. Calculate the remainder when b is divided by m.
11
What is the remainder when (1 - -26) + (-28)/7 is divided by 5?
3
Let u(a) = 4*a - 5. Suppose 0*v = 4*v - 4*o - 288, 0 = 5*o. Suppose -t = 3*f + 2*t - v, -2*t + 88 = 4*f. What is the remainder when f is divided by u(4)?
9
Suppose 5*x - 32 - 3 = 0. Suppose x*d - 59 = 53. What is the remainder when d is divided by 5?
1
Let f be 3/5 - 24/(-10). Let m(g) = 12*g - 4. Calculate the remainder when m(f) is divided by 17.
15
Let i be 13/(-104) + 6338/16. Suppose 0 = 5*z + z - i. Calculate the remainder when z is divided by 17.
15
Let z be 16/(-3)*(-66)/(-4). Let b = 125 + z. Let r(u) = u**2 - u - 7. What is the remainder when b is divided by r(5)?
11
Let y = 5 - 1. Suppose -2*j + y*j - 4 = 0. Suppose -j*g + 28 = 4*k, -6*g + 56 = -2*g - 3*k. Calculate the remainder when 26 is divided by g.
12
Suppose 0 = -7*h - 7*h + 238. Let a(m) = m**3 - 2*m**2 + 2*m - 2. Let u be a(2). What is the remainder when (-1)/(u - 130/64) is divided by h?
15
Suppose 0 = 14*p - 7*p - 112. What is the remainder when 40 is divided by p?
8
Let j be 4/((-8)/(-34))*5. Let q = j - 50. What is the remainder when q is divided by 12?
11
Let c(f) be the first derivative of 35*f**3/3 + f**2/2 - 3. Calculate the remainder when c(1) is divided by 13.
10
Let p(h) = h**2 + 3*h. Let u(j) be the first derivative of -j**4/4 + 5*j**3/3 - j**2 - 4*j - 2. Calculate the remainder when p(-5) is divided by u(4).
2
Suppose 0 = -g - 21 - 16. Let s(j) = j**2 + 62. Let w be s(0). Let m = g + w. Calculate the remainder when m is divided by 7.
4
Let c(g) be the third derivative of 37*g**6/120 + g**5/30 - g**4/24 - 3*g**2. What is the remainder when c(1) is divided by 20?
18
Let a = 1 - -1. Suppose -a*d = 0, -5*n = -3*d - 0*d - 60. What is the remainder when n is divided by 7?
5
Let n = 1 + 10. Let r(o) = 2*o - 2. Let u be r(2). Calculate the remainder when 22 + (-2 - 1) + u is divided by n.
10
What is the remainder when 15 is divided by 28/6 - (-12)/(-18)?
3
Let c = -152 - -222. What is the remainder when c is divided by 12?
10
Suppose 4*q - 5*z = -z, -3*q - 3*z + 18 = 0. Let n = q - -6. Calculate the remainder whe